{"id":81,"date":"2017-05-03T08:41:58","date_gmt":"2017-05-03T06:41:58","guid":{"rendered":"http:\/\/chanter-avec-flora.com\/?page_id=81"},"modified":"2017-05-23T11:31:23","modified_gmt":"2017-05-23T09:31:23","slug":"la-croche-choeur","status":"publish","type":"page","link":"https:\/\/chanter-avec-flora.com\/index.php\/la-croche-choeur\/","title":{"rendered":"La Croche choeur"},"content":{"rendered":"<p>La Croche choeur est la chorale adulte de l\u2019<a href=\"http:\/\/ecoledemusique-emi.com\/?p=1221\">EMI (Ecole de Musique Intercommunale de Nort sur Erdre, Casson, Petit Mars et Lign\u00e9).<\/a><\/p>\n<p>Prochaine prestations :<img loading=\"lazy\" class=\" wp-image-55 alignright\" src=\"http:\/\/chanter-avec-flora.com\/wp-content\/uploads\/2017\/04\/FETE-DE-LA-MUSIQUE-2017-copie-212x300.jpg\" alt=\"\" width=\"261\" height=\"370\" srcset=\"https:\/\/chanter-avec-flora.com\/wp-content\/uploads\/2017\/04\/FETE-DE-LA-MUSIQUE-2017-copie-212x300.jpg 212w, https:\/\/chanter-avec-flora.com\/wp-content\/uploads\/2017\/04\/FETE-DE-LA-MUSIQUE-2017-copie-768x1086.jpg 768w, https:\/\/chanter-avec-flora.com\/wp-content\/uploads\/2017\/04\/FETE-DE-LA-MUSIQUE-2017-copie-724x1024.jpg 724w, https:\/\/chanter-avec-flora.com\/wp-content\/uploads\/2017\/04\/FETE-DE-LA-MUSIQUE-2017-copie.jpg 788w\" sizes=\"(max-width: 261px) 100vw, 261px\" \/><\/p>\n<ul>\n<li>f\u00eate de la musique de Couff\u00e9 &#8211; vendredi 2 juin 2017 vers 21h<\/li>\n<li>f\u00eate de la musique de Nort sur Erdre &#8211; vendredi 16 juin vers 20h30<\/li>\n<\/ul>\n<p>Quelques pi\u00e8ces du programme :<\/p>\n<ul>\n<li>\n<div>When the stars begin to fall (negro spiritual)<\/div>\n<\/li>\n<li>\n<div>La nuit de Rameau<\/div>\n<\/li>\n<li>\n<div>La rose d&rsquo;Etienne Daniel<\/div>\n<\/li>\n<li>\n<div>I have a dream de ABBA<\/div>\n<\/li>\n<li>\n<div>Chanter pour ceux qui sont loin de chez eux de Michel Berger<\/div>\n<\/li>\n<li>\n<div>I sing the sound of silence de Paul Simon<\/div>\n<\/li>\n<li>\n<div>Canta quello che ti passa de Evasion<\/div>\n<\/li>\n<li>\n<div>I will follow him<\/div>\n<\/li>\n<\/ul>\n<p>La chorale improvisera \u00e9galement sur des th\u00e8mes Inuit, musique d\u00e9couverte lors de 4 ateliers men\u00e9s par Alan Regardin et Matthieu Prual du groupe <a href=\"https:\/\/lesproductionsdumouflon.wordpress.com\/no-tongues-les-voies-du-monde\/\">No tongues.<\/a><\/p>\n<p>&nbsp;<\/p>\n<p>La Croche choeur est la chorale adulte de l\u2019<a href=\"http:\/\/ecoledemusique-emi.com\/?p=1221\">EMI (Ecole de Musique Intercommunale de Nort sur Erdre, Casson, Petit Mars et Lign\u00e9).<\/a><\/p>\n<p>Cette ensemble <img loading=\"lazy\" class=\" wp-image-107 alignleft\" src=\"http:\/\/chanter-avec-flora.com\/wp-content\/uploads\/2017\/05\/Chorale-janvier-2017-300x161.jpg\" alt=\"\" width=\"423\" height=\"227\" srcset=\"https:\/\/chanter-avec-flora.com\/wp-content\/uploads\/2017\/05\/Chorale-janvier-2017-300x161.jpg 300w, https:\/\/chanter-avec-flora.com\/wp-content\/uploads\/2017\/05\/Chorale-janvier-2017-768x413.jpg 768w, https:\/\/chanter-avec-flora.com\/wp-content\/uploads\/2017\/05\/Chorale-janvier-2017-1024x551.jpg 1024w\" sizes=\"(max-width: 423px) 100vw, 423px\" \/>compos\u00e9e d&rsquo;environ 25 choristes r\u00e9p\u00e8te tous les mercredi soir au Pr\u00e9ambule \u00e0 Lign\u00e9 \u00e0 20h30.<\/p>\n<p>Depuis 3 ans, la chorale, \u00e9tant compos\u00e9e de femmes, propose un r\u00e9pertoire \u00e0 3 voix \u00e9gales.<\/p>\n<p>La chorale n&rsquo;attend plus que vous pour la rentr\u00e9e de septembre 2017, n&rsquo;h\u00e9sitez pas \u00e0 venir partager une r\u00e9p\u00e9tition lors des portes ouvertes :<\/p>\n<ul>\n<li style=\"text-align: left;\">mercredi 31 mai 20h30 \u00e0 \u00e9cole de musique<b> Petit Mars<\/b><\/li>\n<li style=\"text-align: left;\">mercredi 7 juin 20h30 au Pr\u00e9ambule Lign\u00e9<\/li>\n<\/ul>\n<p style=\"text-align: right;\">Renseignements et inscription : <a href=\"http:\/\/ecoledemusique-emi.com\/?page_id=40\">ici<\/a><\/p>\n<p><img loading=\"lazy\" class=\"alignleft\" src=\"http:\/\/ecoledemusique-emi.com\/wp-content\/uploads\/2015\/03\/voix1505.jpg\" width=\"399\" height=\"266\" \/><\/p>\n","protected":false},"excerpt":{"rendered":"<p>La Croche choeur est la chorale adulte de l\u2019EMI (Ecole de Musique Intercommunale de Nort sur Erdre, Casson, Petit Mars et Lign\u00e9). Prochaine prestations : f\u00eate de la musique de Couff\u00e9 &#8211; vendredi 2 juin 2017 vers 21h f\u00eate de la musique de Nort sur Erdre &#8211; vendredi 16 juin vers 20h30 Quelques pi\u00e8ces du programme : When the stars begin to fall (negro spiritual) La nuit de Rameau La <a class=\"read-more\" href=\"https:\/\/chanter-avec-flora.com\/index.php\/la-croche-choeur\/\">Cliquer pour lire la suite !<\/a><\/p>\n","protected":false},"author":1,"featured_media":0,"parent":0,"menu_order":0,"comment_status":"closed","ping_status":"closed","template":"","meta":[],"_links":{"self":[{"href":"https:\/\/chanter-avec-flora.com\/index.php\/wp-json\/wp\/v2\/pages\/81"}],"collection":[{"href":"https:\/\/chanter-avec-flora.com\/index.php\/wp-json\/wp\/v2\/pages"}],"about":[{"href":"https:\/\/chanter-avec-flora.com\/index.php\/wp-json\/wp\/v2\/types\/page"}],"author":[{"embeddable":true,"href":"https:\/\/chanter-avec-flora.com\/index.php\/wp-json\/wp\/v2\/users\/1"}],"replies":[{"embeddable":true,"href":"https:\/\/chanter-avec-flora.com\/index.php\/wp-json\/wp\/v2\/comments?post=81"}],"version-history":[{"count":8,"href":"https:\/\/chanter-avec-flora.com\/index.php\/wp-json\/wp\/v2\/pages\/81\/revisions"}],"predecessor-version":[{"id":179,"href":"https:\/\/chanter-avec-flora.com\/index.php\/wp-json\/wp\/v2\/pages\/81\/revisions\/179"}],"wp:attachment":[{"href":"https:\/\/chanter-avec-flora.com\/index.php\/wp-json\/wp\/v2\/media?parent=81"}],"curies":[{"name":"wp","href":"https:\/\/api.w.org\/{rel}","templated":true}]}}