{"id":202,"date":"2018-01-02T07:55:54","date_gmt":"2018-01-02T06:55:54","guid":{"rendered":"http:\/\/chanter-avec-flora.com\/?page_id=202"},"modified":"2018-01-02T08:19:49","modified_gmt":"2018-01-02T07:19:49","slug":"concert-de-noel-nort-sur-erdre-17-decembre-2017","status":"publish","type":"page","link":"https:\/\/chanter-avec-flora.com\/index.php\/concert-de-noel-nort-sur-erdre-17-decembre-2017\/","title":{"rendered":"Concert de No\u00ebl &#8211; Nort sur Erdre &#8211; 17 d\u00e9cembre 2017"},"content":{"rendered":"<h2><strong><img loading=\"lazy\" class=\"wp-image-204 aligncenter\" src=\"http:\/\/chanter-avec-flora.com\/wp-content\/uploads\/2018\/01\/Affiche-concert-Au-Fil-et-EMI-No\u00ebl-17-dec-2017-217x300.jpg\" alt=\"\" width=\"356\" height=\"492\" srcset=\"https:\/\/chanter-avec-flora.com\/wp-content\/uploads\/2018\/01\/Affiche-concert-Au-Fil-et-EMI-No\u00ebl-17-dec-2017-217x300.jpg 217w, https:\/\/chanter-avec-flora.com\/wp-content\/uploads\/2018\/01\/Affiche-concert-Au-Fil-et-EMI-No\u00ebl-17-dec-2017-768x1061.jpg 768w, https:\/\/chanter-avec-flora.com\/wp-content\/uploads\/2018\/01\/Affiche-concert-Au-Fil-et-EMI-No\u00ebl-17-dec-2017-741x1024.jpg 741w, https:\/\/chanter-avec-flora.com\/wp-content\/uploads\/2018\/01\/Affiche-concert-Au-Fil-et-EMI-No\u00ebl-17-dec-2017.jpg 1158w\" sizes=\"(max-width: 356px) 100vw, 356px\" \/><\/strong><\/h2>\n<h3><\/h3>\n<h3>Chorale La Croche Ch\u0153ur de l\u2019EMI :<\/h3>\n<h6>Chorale adulte de l\u2019EMI (Ecole associative musicale intercommunale de Nort-sur-Erdre, Casson, Petit Mars et Lign\u00e9).<\/h6>\n<h2><\/h2>\n<p>Depuis 4 ans, la chorale est compos\u00e9e d\u2019environ une vingtaine de femmes. Elles se regroupent tous les mercredis \u00e0 20h30 au Pr\u00e9ambule \u00e0 Lign\u00e9.<\/p>\n<p>Le r\u00e9pertoire est d\u00e9lib\u00e9r\u00e9ment tr\u00e8s vari\u00e9\u00a0: classique, gospel, chants du monde, pop music. Les choristes d\u00e9couvrent la musique sous toutes ses facettes dans la bonne humeur. N\u2019h\u00e9sitez pas \u00e0 venir les rejoindre si vous aimez chanter\u00a0!<\/p>\n<h3>Chorale \u00ab Chantons ensemble \u00bb de Petit Mars<\/h3>\n<p>La chorale \u00ab Chantons Ensemble \u00bb est n\u00e9e il y a un peu plus de deux ans, suite \u00e0 la volont\u00e9 du Club de Bonne Humeur de Petit Mars de proposer du chant choral \u00e0 ses membres. Eug\u00e8ne SANETRA a accept\u00e9 d\u2019animer cette activit\u00e9 une fois par semaine. C\u2019est ainsi qu\u2019une vingtaine de personnes se retrouvent tous les lundis pour apporter leur voix au service de la polyphonie.<\/p>\n<p>Ce plaisir commun aboutit \u00e0 pouvoir sans aucune pr\u00e9tention, se produire devant vous pour montrer que sans formation musicale pour la plupart, on peut aborder un r\u00e9pertoire tr\u00e8s divers.<\/p>\n<p>C\u2019est donc une grande joie pour nous de chanter ensemble pour partager cet immense plaisir qui nous r\u00e9unit dans la musique.<\/p>\n<h3>Chorale Au fil de l\u2019Erdre<\/h3>\n<p>La chorale est un ensemble d\u2019environ 30 choristes. L\u2019association a \u00e9t\u00e9 cr\u00e9\u00e9e en janvier 1989. Elle a pour but de faire d\u00e9couvrir la musique polyphonique aux habitants de Nort-sur-Erdre et de la r\u00e9gion. Elle accueille toutes les personnes d\u00e9sirant chanter quel que soit leur niveau musical.<\/p>\n<p>Les r\u00e9p\u00e9titions ont lieu tous les mardis soir \u00e0 20h15 au Port Mulon.<\/p>\n<p>Nous recherchons des choristes dans tous les pupitres pour janvier 2018.<\/p>\n<p>Pour tout renseignement contacter le 02 40 77 62 55.<\/p>\n<p>&nbsp;<\/p>\n<h4>Programme<\/h4>\n<p><strong>Chorale \u00ab\u00a0<\/strong><strong><img loading=\"lazy\" class=\"size-medium wp-image-205 alignleft\" src=\"http:\/\/chanter-avec-flora.com\/wp-content\/uploads\/2018\/01\/DSCN0853-300x225.jpg\" alt=\"\" width=\"300\" height=\"225\" srcset=\"https:\/\/chanter-avec-flora.com\/wp-content\/uploads\/2018\/01\/DSCN0853-300x225.jpg 300w, https:\/\/chanter-avec-flora.com\/wp-content\/uploads\/2018\/01\/DSCN0853-768x576.jpg 768w, https:\/\/chanter-avec-flora.com\/wp-content\/uploads\/2018\/01\/DSCN0853-1024x768.jpg 1024w\" sizes=\"(max-width: 300px) 100vw, 300px\" \/><\/strong><strong>la Croche Ch\u0153ur\u00a0\u00bb de l\u2019EMI<\/strong>\u00a0:<\/p>\n<ul>\n<li>Ave Maria \u00a0\u00a0\u00a0\u00a0\u00a0\u00a0\u00a0\u00a0\u00a0\u00a0\u00a0 dit de Caccini<\/li>\n<li>Ave Maria \u00a0\u00a0\u00a0\u00a0\u00a0\u00a0\u00a0\u00a0\u00a0\u00a0\u00a0 Laurent Coulomb<\/li>\n<li>Shalom \u00a0\u00a0\u00a0\u00a0\u00a0\u00a0\u00a0\u00a0\u00a0\u00a0\u00a0 Harm\u00a0: Gil Aldema<\/li>\n<li>Ani couni \u00a0\u00a0\u00a0\u00a0\u00a0\u00a0\u00a0\u00a0\u00a0\u00a0\u00a0 Harm\u00a0: M. Ouremanov<\/li>\n<li>Poreho \u00a0\u00a0\u00a0\u00a0\u00a0\u00a0\u00a0\u00a0\u00a0\u00a0\u00a0 Traditionnel tahitien<\/li>\n<li>La nuit \u00a0\u00a0\u00a0\u00a0\u00a0\u00a0\u00a0\u00a0\u00a0\u00a0\u00a0 Ph. Rameau (1733)<\/li>\n<\/ul>\n<p>&nbsp;<\/p>\n<p>&nbsp;<\/p>\n<p><strong>Chorale \u00ab\u00a0Chantons ensemble\u00a0\u00bb :<\/strong><strong><img loading=\"lazy\" class=\"size-medium wp-image-206 alignright\" src=\"http:\/\/chanter-avec-flora.com\/wp-content\/uploads\/2018\/01\/DSCN0859-300x225.jpg\" alt=\"\" width=\"300\" height=\"225\" srcset=\"https:\/\/chanter-avec-flora.com\/wp-content\/uploads\/2018\/01\/DSCN0859-300x225.jpg 300w, https:\/\/chanter-avec-flora.com\/wp-content\/uploads\/2018\/01\/DSCN0859-768x576.jpg 768w, https:\/\/chanter-avec-flora.com\/wp-content\/uploads\/2018\/01\/DSCN0859-1024x768.jpg 1024w\" sizes=\"(max-width: 300px) 100vw, 300px\" \/><\/strong><\/p>\n<ul>\n<li>Canon Allemand du 17<sup>\u00e8me<\/sup> Si\u00e8cle (Kanon von Fritzsche)<\/li>\n<li>Je reviens chez nous Jean Pierre Ferland<\/li>\n<li>La Part \u00e0 Dieu Bernard Lallement\u00a0\u00a0\u00a0\u00a0\u00a0\u00a0\u00a0\u00a0\u00a0 (chanson de qu\u00eate de l\u2019Aube)<\/li>\n<li>Je cherche \u00a0\u00a0\u00a0\u00a0\u00a0\u00a0\u00a0\u00a0\u00a0\u00a0\u00a0 Odette Vercruysse<\/li>\n<li>Jacob\u2019s Ladder James Dillard<\/li>\n<li>Venez mes Enfants \u00a0\u00a0\u00a0\u00a0\u00a0\u00a0\u00a0\u00a0\u00a0\u00a0\u00a0 No\u00ebl populaire Alsacien<\/li>\n<\/ul>\n<p>&nbsp;<\/p>\n<p><strong>Chorale\u00a0 \u00ab\u00a0Au fil de l\u2019Erdre\u00a0\u00bb\u00a0<\/strong>:<\/p>\n<ul>\n<li>O vos omnes \u00a0\u00a0\u00a0\u00a0\u00a0\u00a0\u00a0\u00a0\u00a0\u00a0\u00a0\u00a0 TL da Vittoria (1548-1611)<\/li>\n<li>\u00a0Salve Regina \u00a0\u00a0\u00a0\u00a0\u00a0\u00a0\u00a0\u00a0\u00a0\u00a0\u00a0 Liszt (1811-1886)<\/li>\n<li>Salve Regina \u00a0 \u00a0\u00a0\u00a0\u00a0\u00a0\u00a0\u00a0\u00a0\u00a0\u00a0\u00a0 Schubert (1797-1828)<\/li>\n<li>Ige Herouvimy Dmitri Bortniansky (1751-1825)<\/li>\n<li>Tibi\u00e9 Paiom Dmitri Bortniansky (1751-1825)<\/li>\n<li>Slava v vychny \u00a0\u00a0\u00a0\u00a0\u00a0\u00a0\u00a0\u00a0\u00a0\u00a0\u00a0 Strokine (fin du XIXe si\u00e8cle)<\/li>\n<li>Ch\u0153ur de l\u2019hiver \u00a0\u00a0\u00a0\u00a0\u00a0\u00a0\u00a0\u00a0\u00a0\u00a0\u00a0 B. Lully (1632-1687)<\/li>\n<\/ul>\n<p><strong>Chants de No\u00ebl en commun<\/strong> :<\/p>\n<ul>\n<li>The first Nowell Sandys (1833)<\/li>\n<li>Once, in royal David\u2019s City \u00a0\u00a0\u00a0\u00a0\u00a0\u00a0\u00a0\u00a0\u00a0\u00a0\u00a0 J. Gauntlett (1805-1876)<\/li>\n<li>Deck the hall Traditionnel<\/li>\n<li>No\u00ebl Blanc Irving Berlin<\/li>\n<li>No\u00ebl proven\u00e7al Traditionnel<\/li>\n<li>Les anges dans nos campagnes Harm\u00a0: A. Langr\u00e9e<\/li>\n<li>Douce nuit Mohr-F. Gruber (1818)<\/li>\n<\/ul>\n","protected":false},"excerpt":{"rendered":"<p>Chorale La Croche Ch\u0153ur de l\u2019EMI : Chorale adulte de l\u2019EMI (Ecole associative musicale intercommunale de Nort-sur-Erdre, Casson, Petit Mars et Lign\u00e9). Depuis 4 ans, la chorale est compos\u00e9e d\u2019environ une vingtaine de femmes. Elles se regroupent tous les mercredis \u00e0 20h30 au Pr\u00e9ambule \u00e0 Lign\u00e9. Le r\u00e9pertoire est d\u00e9lib\u00e9r\u00e9ment tr\u00e8s vari\u00e9\u00a0: classique, gospel, chants du monde, pop music. Les choristes d\u00e9couvrent la musique sous toutes ses facettes dans la <a class=\"read-more\" href=\"https:\/\/chanter-avec-flora.com\/index.php\/concert-de-noel-nort-sur-erdre-17-decembre-2017\/\">Cliquer pour lire la suite !<\/a><\/p>\n","protected":false},"author":1,"featured_media":0,"parent":0,"menu_order":0,"comment_status":"closed","ping_status":"closed","template":"","meta":[],"_links":{"self":[{"href":"https:\/\/chanter-avec-flora.com\/index.php\/wp-json\/wp\/v2\/pages\/202"}],"collection":[{"href":"https:\/\/chanter-avec-flora.com\/index.php\/wp-json\/wp\/v2\/pages"}],"about":[{"href":"https:\/\/chanter-avec-flora.com\/index.php\/wp-json\/wp\/v2\/types\/page"}],"author":[{"embeddable":true,"href":"https:\/\/chanter-avec-flora.com\/index.php\/wp-json\/wp\/v2\/users\/1"}],"replies":[{"embeddable":true,"href":"https:\/\/chanter-avec-flora.com\/index.php\/wp-json\/wp\/v2\/comments?post=202"}],"version-history":[{"count":6,"href":"https:\/\/chanter-avec-flora.com\/index.php\/wp-json\/wp\/v2\/pages\/202\/revisions"}],"predecessor-version":[{"id":212,"href":"https:\/\/chanter-avec-flora.com\/index.php\/wp-json\/wp\/v2\/pages\/202\/revisions\/212"}],"wp:attachment":[{"href":"https:\/\/chanter-avec-flora.com\/index.php\/wp-json\/wp\/v2\/media?parent=202"}],"curies":[{"name":"wp","href":"https:\/\/api.w.org\/{rel}","templated":true}]}}

Concert de Noël &#8211; Nort sur Erdre &#8211; 17 décembre 2017

<h2><strong><img loading="lazy" class="wp-image-204 aligncenter" src="http://chanter-avec-flora.com/wp-content/uploads/2018/01/Affiche-concert-Au-Fil-et-EMI-Noël-17-dec-2017-217x300.jpg" alt="" width="356" height="492" srcset="https://chanter-avec-flora.com/wp-content/uploads/2018/01/Affiche-concert-Au-Fil-et-EMI-Noël-17-dec-2017-217x300.jpg 217w, https://chanter-avec-flora.com/wp-content/uploads/2018/01/Affiche-concert-Au-Fil-et-EMI-Noël-17-dec-2017-768x1061.jpg 768w, https://chanter-avec-flora.com/wp-content/uploads/2018/01/Affiche-concert-Au-Fil-et-EMI-Noël-17-dec-2017-741x1024.jpg 741w, https://chanter-avec-flora.com/wp-content/uploads/2018/01/Affiche-concert-Au-Fil-et-EMI-Noël-17-dec-2017.jpg 1158w" sizes="(max-width: 356px) 100vw, 356px" /></strong></h2>
<h3></h3>
<h3>Chorale La Croche Chœur de l’EMI :</h3>
<h6>Chorale adulte de l’EMI (Ecole associative musicale intercommunale de Nort-sur-Erdre, Casson, Petit Mars et Ligné).</h6>
<h2></h2>
<p>Depuis 4 ans, la chorale est composée d’environ une vingtaine de femmes. Elles se regroupent tous les mercredis à 20h30 au Préambule à Ligné.</p>
<p>Le répertoire est délibérément très varié : classique, gospel, chants du monde, pop music. Les choristes découvrent la musique sous toutes ses facettes dans la bonne humeur. N’hésitez pas à venir les rejoindre si vous aimez chanter !</p>
<h3>Chorale « Chantons ensemble » de Petit Mars</h3>
<p>La chorale « Chantons Ensemble » est née il y a un peu plus de deux ans, suite à la volonté du Club de Bonne Humeur de Petit Mars de proposer du chant choral à ses membres. Eugène SANETRA a accepté d’animer cette activité une fois par semaine. C’est ainsi qu’une vingtaine de personnes se retrouvent tous les lundis pour apporter leur voix au service de la polyphonie.</p>
<p>Ce plaisir commun aboutit à pouvoir sans aucune prétention, se produire devant vous pour montrer que sans formation musicale pour la plupart, on peut aborder un répertoire très divers.</p>
<p>C’est donc une grande joie pour nous de chanter ensemble pour partager cet immense plaisir qui nous réunit dans la musique.</p>
<h3>Chorale Au fil de l’Erdre</h3>
<p>La chorale est un ensemble d’environ 30 choristes. L’association a été créée en janvier 1989. Elle a pour but de faire découvrir la musique polyphonique aux habitants de Nort-sur-Erdre et de la région. Elle accueille toutes les personnes désirant chanter quel que soit leur niveau musical.</p>
<p>Les répétitions ont lieu tous les mardis soir à 20h15 au Port Mulon.</p>
<p>Nous recherchons des choristes dans tous les pupitres pour janvier 2018.</p>
<p>Pour tout renseignement contacter le 02 40 77 62 55.</p>
<p>&nbsp;</p>
<h4>Programme</h4>
<p><strong>Chorale « </strong><strong><img loading="lazy" class="size-medium wp-image-205 alignleft" src="http://chanter-avec-flora.com/wp-content/uploads/2018/01/DSCN0853-300x225.jpg" alt="" width="300" height="225" srcset="https://chanter-avec-flora.com/wp-content/uploads/2018/01/DSCN0853-300x225.jpg 300w, https://chanter-avec-flora.com/wp-content/uploads/2018/01/DSCN0853-768x576.jpg 768w, https://chanter-avec-flora.com/wp-content/uploads/2018/01/DSCN0853-1024x768.jpg 1024w" sizes="(max-width: 300px) 100vw, 300px" /></strong><strong>la Croche Chœur » de l’EMI</strong> :</p>
<ul>
<li>Ave Maria             dit de Caccini</li>
<li>Ave Maria             Laurent Coulomb</li>
<li>Shalom             Harm : Gil Aldema</li>
<li>Ani couni             Harm : M. Ouremanov</li>
<li>Poreho             Traditionnel tahitien</li>
<li>La nuit             Ph. Rameau (1733)</li>
</ul>
<p>&nbsp;</p>
<p>&nbsp;</p>
<p><strong>Chorale « Chantons ensemble » :</strong><strong><img loading="lazy" class="size-medium wp-image-206 alignright" src="http://chanter-avec-flora.com/wp-content/uploads/2018/01/DSCN0859-300x225.jpg" alt="" width="300" height="225" srcset="https://chanter-avec-flora.com/wp-content/uploads/2018/01/DSCN0859-300x225.jpg 300w, https://chanter-avec-flora.com/wp-content/uploads/2018/01/DSCN0859-768x576.jpg 768w, https://chanter-avec-flora.com/wp-content/uploads/2018/01/DSCN0859-1024x768.jpg 1024w" sizes="(max-width: 300px) 100vw, 300px" /></strong></p>
<ul>
<li>Canon Allemand du 17<sup>ème</sup> Siècle (Kanon von Fritzsche)</li>
<li>Je reviens chez nous Jean Pierre Ferland</li>
<li>La Part à Dieu Bernard Lallement          (chanson de quête de l’Aube)</li>
<li>Je cherche             Odette Vercruysse</li>
<li>Jacob’s Ladder James Dillard</li>
<li>Venez mes Enfants             Noël populaire Alsacien</li>
</ul>
<p>&nbsp;</p>
<p><strong>Chorale  « Au fil de l’Erdre » </strong>:</p>
<ul>
<li>O vos omnes              TL da Vittoria (1548-1611)</li>
<li> Salve Regina             Liszt (1811-1886)</li>
<li>Salve Regina               Schubert (1797-1828)</li>
<li>Ige Herouvimy Dmitri Bortniansky (1751-1825)</li>
<li>Tibié Paiom Dmitri Bortniansky (1751-1825)</li>
<li>Slava v vychny             Strokine (fin du XIXe siècle)</li>
<li>Chœur de l’hiver             B. Lully (1632-1687)</li>
</ul>
<p><strong>Chants de Noël en commun</strong> :</p>
<ul>
<li>The first Nowell Sandys (1833)</li>
<li>Once, in royal David’s City             J. Gauntlett (1805-1876)</li>
<li>Deck the hall Traditionnel</li>
<li>Noël Blanc Irving Berlin</li>
<li>Noël provençal Traditionnel</li>
<li>Les anges dans nos campagnes Harm : A. Langrée</li>
<li>Douce nuit Mohr-F. Gruber (1818)</li>
</ul>

<p>Chorale La Croche Chœur de l’EMI : Chorale adulte de l’EMI (Ecole associative musicale intercommunale de Nort-sur-Erdre, Casson, Petit Mars et Ligné). Depuis 4 ans, la chorale est composée d’environ une vingtaine de femmes. Elles se regroupent tous les mercredis à 20h30 au Préambule à Ligné. Le répertoire est délibérément très varié : classique, gospel, chants du monde, pop music. Les choristes découvrent la musique sous toutes ses facettes dans la <a class="read-more" href="https://chanter-avec-flora.com/index.php/concert-de-noel-nort-sur-erdre-17-decembre-2017/">Cliquer pour lire la suite !</a></p>
